{"id":6383,"date":"2026-03-09T19:03:55","date_gmt":"2026-03-09T19:03:55","guid":{"rendered":"https:\/\/paroquiasportosanto.pt\/?page_id=6383"},"modified":"2026-03-09T19:04:15","modified_gmt":"2026-03-09T19:04:15","slug":"confissao-reconciliacao","status":"publish","type":"page","link":"https:\/\/paroquiasportosanto.pt\/?page_id=6383","title":{"rendered":"Confiss\u00e3o\/Reconcilia\u00e7\u00e3o"},"content":{"rendered":"\n<h3 class=\"wp-block-heading\"><strong>A Confiss\u00e3o: um guia passo a passo<\/strong><\/h3>\n\n\n\n<p>Neste breve guia encontramos uma ajuda para nos prepararmos para receber com fruto o sacramento da Reconcilia\u00e7\u00e3o; inclui una explica\u00e7\u00e3o dos passos para nos aproximarmos da Confiss\u00e3o, exames de consci\u00eancia e textos para meditar na grandeza do perd\u00e3o que Deus nos quer dar.<\/p>\n\n\n\n<p>S. Josemar\u00eda costumava chamar \u00e0 Confiss\u00e3o o sacramento da alegria, porque atrav\u00e9s dele se recuperam a alegria e a paz que traz a amizade com Deus, um dom que s\u00f3 o pecado \u00e9 capaz de roubar \u00e0s almas dos crist\u00e3os.<\/p>\n\n\n\n<h5 class=\"wp-block-heading has-medium-font-size\"><strong>O que \u00e9 a confiss\u00e3o?<\/strong><\/h5>\n\n\n\n<p>\u201cO sacramento da Reconcilia\u00e7\u00e3o \u00e9 um sacramento de cura. Quando me confesso \u00e9 para me curar, para curar a minha alma, o meu cora\u00e7\u00e3o e algo de mal que cometi\u201d.<\/p>\n\n\n\n<h5 class=\"wp-block-heading has-medium-font-size\"><strong>Porqu\u00ea confessar-se?<\/strong><\/h5>\n\n\n\n<p>Explica o Papa Francisco que \u201co perd\u00e3o dos nossos pecados n\u00e3o \u00e9 algo que possamos dar a n\u00f3s mesmos. Eu n\u00e3o posso dizer: perdoo os meus pecados. O perd\u00e3o \u00e9 pedido a outra pessoa e na Confiss\u00e3o pedimos o perd\u00e3o a Jesus. O perd\u00e3o n\u00e3o \u00e9 fruto dos nossos esfor\u00e7os, mas uma d\u00e1diva, \u00e9 um dom do Esp\u00edrito Santo\u201d.<\/p>\n\n\n\n<h5 class=\"wp-block-heading has-medium-font-size\"><strong>\u00c9 complicado confessar-se?<\/strong><\/h5>\n\n\n\n<p>N\u00e3o o \u00e9 tanto: no Catecismo, a Igreja prop\u00f5e-nos quatro passos para uma boa confiss\u00e3o:<\/p>\n\n\n\n<p>1) Exame de consci\u00eancia;<\/p>\n\n\n\n<p>2) Contri\u00e7\u00e3o (ou arrependimento), que inclui o prop\u00f3sito de n\u00e3o voltar a pecar;<\/p>\n\n\n\n<p>3) Confiss\u00e3o;<\/p>\n\n\n\n<p>4) Satisfa\u00e7\u00e3o (ou cumprir a penit\u00eancia).<\/p>\n\n\n\n<p>S\u00e3o quatro passos que damos para poder receber o grande abra\u00e7o de amor que Deus nosso Pai nos quer dar com este sacramento: \u201cDeus espera-nos, como o pai da par\u00e1bola, de bra\u00e7os estendidos, ainda que n\u00e3o o mere\u00e7amos. N\u00e3o importa a nossa d\u00edvida. Como no caso do filho pr\u00f3digo, apenas \u00e9 preciso que abramos o cora\u00e7\u00e3o\u201d.<\/p>\n\n\n\n<p>Explicamos a seguir estes quatro passos, que ajudar\u00e3o a viver em toda a sua grandeza este sacramento da miseric\u00f3rdia de Deus.<\/p>\n\n\n\n<h5 class=\"wp-block-heading has-medium-font-size\"><strong>1. Exame de consci\u00eancia<\/strong><\/h5>\n\n\n\n<p>O exame de consci\u00eancia consiste em refletir sobretudo aquilo que nos tenha podido afastar de Deus<\/p>\n\n\n\n<p>\u201cQue conselhos daria a um penitente para fazer uma boa confiss\u00e3o? \u2013 pergunta-se ao Papa Francisco \u2013 Que pense na verdade da sua vida frente a Deus, o que sente, o que pensa. Que saiba olhar com sinceridade para si mesmo e para o seu pecado. E que se sinta pecador, que se deixe surpreender, surpreendido por Deus\u201d.<\/p>\n\n\n\n<p>O exame de consci\u00eancia consiste em refletir sobre aquelas a\u00e7\u00f5es, pensamentos ou palavras que nos tenham podido afastar de Deus, ofender os outros ou causar-nos dano interiormente.<\/p>\n\n\n\n<p>\u00c9 o momento de ser sinceros consigo pr\u00f3prio e com Deus, sabendo que Ele n\u00e3o quer que os nossos pecados passados nos oprimam, antes deseja libertar-nos deles para podermos viver como bons filhos seus.<\/p>\n\n\n\n<p>Indicamos algumas perguntas para ajudar a refletir sobre aquilo de que podemos pedir perd\u00e3o a Deus. Servem apenas como uma orienta\u00e7\u00e3o: o mais importante \u00e9 entrar no pr\u00f3prio cora\u00e7\u00e3o e admitir as pr\u00f3prias faltas. Se queremos, durante a confiss\u00e3o podemos pedir ao sacerdote que nos ajude propondo-nos outras quest\u00f5es.<\/p>\n\n\n\n<h5 class=\"wp-block-heading has-medium-font-size\"><strong>2. Contri\u00e7\u00e3o e prop\u00f3sito de n\u00e3o voltar a pecar.<\/strong><\/h5>\n\n\n\n<p>A contri\u00e7\u00e3o, ou arrependimento, \u00e9 uma dor da alma e uma rejei\u00e7\u00e3o dos nossos pecados, que inclui a resolu\u00e7\u00e3o de n\u00e3o voltar a pecar. \u00c9 um dom de Deus: por isso, se te parece que ainda est\u00e1s apegado ao pecado \u2013 que, por exemplo, n\u00e3o te v\u00eas com for\u00e7as para abandonar um v\u00edcio, perdoar a uma pessoa ou emendar um dano causado \u2013 pede-lhe a Ele que atue no teu cora\u00e7\u00e3o, para que rejeites o mal.<\/p>\n\n\n\n<p>Por vezes, o arrependimento chega com um sentimento intenso de dor ou vergonha, que nos ajuda a emendar-nos. No entanto, n\u00e3o \u00e9 indispens\u00e1vel sentir esse tipo de dor; o importante \u00e9 compreender que agimos mal, ter desejos de melhorar como crist\u00e3os e fazer o prop\u00f3sito de n\u00e3o voltar a cometer essas faltas.<\/p>\n\n\n\n<p>\u201cA contri\u00e7\u00e3o \u2013 explica o Papa \u2013 \u00e9 o p\u00f3rtico do arrependimento, \u00e9 essa senda privilegiada que leva ao cora\u00e7\u00e3o de Deus, que nos acolhe e nos oferece outra oportunidade, sempre que nos abramos \u00e0 verdade da penit\u00eancia e nos deixemos transformar pela sua miseric\u00f3rdia\u201d.<\/p>\n\n\n\n<p>Existem v\u00e1rias ora\u00e7\u00f5es que servem para manifestar a contri\u00e7\u00e3o, por exemplo, a seguinte:<\/p>\n\n\n\n<p><strong>Meu Deus, arrependo-me de todo o cora\u00e7\u00e3o de todos os meus pecados e detesto-os, porque ao pecar, n\u00e3o s\u00f3 mere\u00e7o as penas que causam, mas principalmente porque te ofendo a Ti, sumo Bem e digno de amor acima de todas as coisas. Por isso proponho firmemente, com a ajuda da Tua gra\u00e7a, daqui em diante n\u00e3o voltar a pecar e fugir de toda a ocasi\u00e3o de pecado. \u00c1men.<\/strong><\/p>\n\n\n\n<h5 class=\"wp-block-heading has-medium-font-size\"><strong>3. Confessar os pecados.<\/strong><\/h5>\n\n\n\n<p>Uma boa confiss\u00e3o \u00e9 dizer os pecados ao sacerdote de forma clara, concreta, concisa e completa.<\/p>\n\n\n\n<p>A confiss\u00e3o consiste na acusa\u00e7\u00e3o dos pecados feita diante do sacerdote.<\/p>\n\n\n\n<p>\u201cConfessar-se com un sacerdote \u00e9 um modo de p\u00f4r a minha vida nas m\u00e3os e no cora\u00e7\u00e3o de outro, que nesse momento atua em nome e por conta de Jesus. (\u2026) \u00c9 importante que v\u00e1 ao confession\u00e1rio, que me ponha a mim mesmo frente a um sacerdote que representa Jesus, que me ajoelhe frente \u00e0 M\u00e3e Igreja chamada a distribuir a miseric\u00f3rdia de Deus. H\u00e1 uma objetividade neste gesto, em ajoelhar-me frente ao sacerdote, que nesse momento \u00e9 o canal da gra\u00e7a que me chega e me cura\u201d.<\/p>\n\n\n\n<p>Costuma dizer-se que uma boa confiss\u00e3o tem \u201c4 C\u201d:<\/p>\n\n\n\n<p>1. <strong>Clara:<\/strong> indicar qual foi a falta espec\u00edfica, sem acrescentar desculpas.<\/p>\n\n\n\n<p>2. <strong>Concreta:<\/strong> referir o ato ou pensamento preciso, n\u00e3o usar frases gen\u00e9ricas.<\/p>\n\n\n\n<p>3. <strong>Concisa:<\/strong> evitar dar explica\u00e7\u00f5es o descri\u00e7\u00f5es desnecess\u00e1rias.<\/p>\n\n\n\n<p>4. <strong>Completa:<\/strong> sem calar nenhum pecado grave, vencendo a vergonha.<\/p>\n\n\n\n<p>A confiss\u00e3o \u00e9 um sacramento, cuja celebra\u00e7\u00e3o inclui certos gestos e palavras da parte do penitente e do sacerdote.<\/p>\n\n\n\n<h5 class=\"wp-block-heading has-medium-font-size\"><strong>4. Cumprir a penit\u00eancia<\/strong><\/h5>\n\n\n\n<p>O sacerdote indica uma penit\u00eancia para reparar o dano causado.<\/p>\n\n\n\n<p>A satisfa\u00e7\u00e3o consiste no cumprimento de certos atos de penit\u00eancia (ora\u00e7\u00f5es, alguma mortifica\u00e7\u00e3o, etc.), que o confessor indica ao penitente para reparar o dano causado pelo pecado.<\/p>\n\n\n\n<p>\u00c9 uma ocasi\u00e3o tamb\u00e9m para dar gra\u00e7as a Deus pelo perd\u00e3o recebido e renovar o prop\u00f3sito de n\u00e3o voltar a pecar.<\/p>\n\n\n\n<p><\/p>\n\n\n\n<hr class=\"wp-block-separator has-alpha-channel-opacity\"\/>\n\n\n\n<p><\/p>\n\n\n\n<div data-wp-interactive=\"core\/file\" class=\"wp-block-file aligncenter\"><object data-wp-bind--hidden=\"!state.hasPdfPreview\" hidden class=\"wp-block-file__embed\" data=\"https:\/\/paroquiasportosanto.pt\/wp-content\/uploads\/2026\/03\/Sem-titulo-2.pdf\" type=\"application\/pdf\" style=\"width:100%;height:600px\" aria-label=\"Incorpora\u00e7\u00e3o de Sacramento do Perd\u00e3o.\"><\/object><a id=\"wp-block-file--media-f270f72e-49a8-41f4-a85d-6bf115a42f6d\" href=\"https:\/\/paroquiasportosanto.pt\/wp-content\/uploads\/2026\/03\/Sem-titulo-2.pdf\">Sacramento do Perd\u00e3o<\/a><a href=\"https:\/\/paroquiasportosanto.pt\/wp-content\/uploads\/2026\/03\/Sem-titulo-2.pdf\" class=\"wp-block-file__button wp-element-button\" download aria-describedby=\"wp-block-file--media-f270f72e-49a8-41f4-a85d-6bf115a42f6d\">Descarregar<\/a><\/div>\n\n\n\n<p><\/p>\n\n\n\n<hr class=\"wp-block-separator has-alpha-channel-opacity\"\/>\n\n\n\n<p><\/p>\n\n\n<div class=\"wp-block-image\">\n<figure class=\"aligncenter size-full is-resized\"><img data-recalc-dims=\"1\" loading=\"lazy\" decoding=\"async\" width=\"600\" height=\"875\" src=\"https:\/\/i0.wp.com\/paroquiasportosanto.pt\/wp-content\/uploads\/2026\/03\/confissao-pt_20160306191542545633.png?resize=600%2C875&#038;ssl=1\" alt=\"\" class=\"wp-image-6384\" style=\"width:840px;height:auto\" srcset=\"https:\/\/i0.wp.com\/paroquiasportosanto.pt\/wp-content\/uploads\/2026\/03\/confissao-pt_20160306191542545633.png?w=600&amp;ssl=1 600w, https:\/\/i0.wp.com\/paroquiasportosanto.pt\/wp-content\/uploads\/2026\/03\/confissao-pt_20160306191542545633.png?resize=206%2C300&amp;ssl=1 206w, https:\/\/i0.wp.com\/paroquiasportosanto.pt\/wp-content\/uploads\/2026\/03\/confissao-pt_20160306191542545633.png?resize=103%2C150&amp;ssl=1 103w, https:\/\/i0.wp.com\/paroquiasportosanto.pt\/wp-content\/uploads\/2026\/03\/confissao-pt_20160306191542545633.png?resize=8%2C12&amp;ssl=1 8w\" sizes=\"auto, (max-width: 600px) 100vw, 600px\" \/><\/figure>\n<\/div>","protected":false},"excerpt":{"rendered":"<p>A Confiss\u00e3o: um guia passo a passo Neste breve guia encontramos uma ajuda para nos prepararmos para receber com fruto o sacramento da Reconcilia\u00e7\u00e3o; inclui una explica\u00e7\u00e3o dos passos para nos aproximarmos da Confiss\u00e3o, exames de consci\u00eancia e textos para meditar na grandeza do perd\u00e3o que Deus nos quer dar. [&hellip;]<\/p>\n","protected":false},"author":1,"featured_media":6386,"parent":0,"menu_order":0,"comment_status":"closed","ping_status":"closed","template":"","meta":{"_themeisle_gutenberg_block_has_review":false,"footnotes":""},"class_list":["post-6383","page","type-page","status-publish","has-post-thumbnail","hentry"],"_links":{"self":[{"href":"https:\/\/paroquiasportosanto.pt\/index.php?rest_route=\/wp\/v2\/pages\/6383","targetHints":{"allow":["GET"]}}],"collection":[{"href":"https:\/\/paroquiasportosanto.pt\/index.php?rest_route=\/wp\/v2\/pages"}],"about":[{"href":"https:\/\/paroquiasportosanto.pt\/index.php?rest_route=\/wp\/v2\/types\/page"}],"author":[{"embeddable":true,"href":"https:\/\/paroquiasportosanto.pt\/index.php?rest_route=\/wp\/v2\/users\/1"}],"replies":[{"embeddable":true,"href":"https:\/\/paroquiasportosanto.pt\/index.php?rest_route=%2Fwp%2Fv2%2Fcomments&post=6383"}],"version-history":[{"count":1,"href":"https:\/\/paroquiasportosanto.pt\/index.php?rest_route=\/wp\/v2\/pages\/6383\/revisions"}],"predecessor-version":[{"id":6387,"href":"https:\/\/paroquiasportosanto.pt\/index.php?rest_route=\/wp\/v2\/pages\/6383\/revisions\/6387"}],"wp:featuredmedia":[{"embeddable":true,"href":"https:\/\/paroquiasportosanto.pt\/index.php?rest_route=\/wp\/v2\/media\/6386"}],"wp:attachment":[{"href":"https:\/\/paroquiasportosanto.pt\/index.php?rest_route=%2Fwp%2Fv2%2Fmedia&parent=6383"}],"curies":[{"name":"wp","href":"https:\/\/api.w.org\/{rel}","templated":true}]}}