{"id":1368,"date":"2022-10-10T16:08:36","date_gmt":"2022-10-10T16:08:36","guid":{"rendered":"https:\/\/paroquiasportosanto.pt\/?page_id=1368"},"modified":"2022-11-07T22:49:48","modified_gmt":"2022-11-07T22:49:48","slug":"capela-de-sao-pedro","status":"publish","type":"page","link":"https:\/\/paroquiasportosanto.pt\/?page_id=1368","title":{"rendered":"Capela de S\u00e3o Pedro"},"content":{"rendered":"<div class=\"wp-block-image\">\n<figure class=\"aligncenter size-large\"><img data-recalc-dims=\"1\" loading=\"lazy\" decoding=\"async\" width=\"750\" height=\"273\" src=\"https:\/\/i0.wp.com\/paroquiasportosanto.pt\/wp-content\/uploads\/2021\/12\/cropped-CapeladeSaoPedro700x360.jpg?resize=750%2C273&#038;ssl=1\" alt=\"\" class=\"wp-image-241\" srcset=\"https:\/\/i0.wp.com\/paroquiasportosanto.pt\/wp-content\/uploads\/2021\/12\/cropped-CapeladeSaoPedro700x360.jpg?resize=1024%2C373&amp;ssl=1 1024w, https:\/\/i0.wp.com\/paroquiasportosanto.pt\/wp-content\/uploads\/2021\/12\/cropped-CapeladeSaoPedro700x360.jpg?resize=300%2C109&amp;ssl=1 300w, https:\/\/i0.wp.com\/paroquiasportosanto.pt\/wp-content\/uploads\/2021\/12\/cropped-CapeladeSaoPedro700x360.jpg?resize=768%2C280&amp;ssl=1 768w, https:\/\/i0.wp.com\/paroquiasportosanto.pt\/wp-content\/uploads\/2021\/12\/cropped-CapeladeSaoPedro700x360.jpg?resize=1536%2C560&amp;ssl=1 1536w, https:\/\/i0.wp.com\/paroquiasportosanto.pt\/wp-content\/uploads\/2021\/12\/cropped-CapeladeSaoPedro700x360.jpg?w=1920&amp;ssl=1 1920w\" sizes=\"auto, (max-width: 750px) 100vw, 750px\" \/><\/figure>\n<\/div>\n\n\n<hr class=\"wp-block-separator has-alpha-channel-opacity\"\/>\n\n\n\n<p class=\"has-text-align-justify\">Capela maneirista e barroca constru\u00edda no s\u00e9culo XVII. <br>No interior, destaque para o ret\u00e1bulo-mor tardo-barroco em talha dourada e para a cobertura da capela-mor em falsa ab\u00f3bada de madeira com pinturas decorativas.<br>A sua festa \u00e9 celebrada no dia 29 de Junho, dia dos Ap\u00f3stolos S. Pedro e S. Paulo.<\/p>\n\n\n\n<hr class=\"wp-block-separator has-alpha-channel-opacity\"\/>\n\n\n\n<figure class=\"wp-block-gallery aligncenter has-nested-images columns-default is-cropped wp-block-gallery-1 is-layout-flex wp-block-gallery-is-layout-flex\">\n<figure class=\"wp-block-image size-large\"><img data-recalc-dims=\"1\" loading=\"lazy\" decoding=\"async\" width=\"750\" height=\"750\" data-id=\"648\" src=\"https:\/\/i0.wp.com\/paroquiasportosanto.pt\/wp-content\/uploads\/2022\/02\/272982317_3147516235495005_6520115678898101889_n.jpeg?resize=750%2C750&#038;ssl=1\" alt=\"\" class=\"wp-image-648\" srcset=\"https:\/\/i0.wp.com\/paroquiasportosanto.pt\/wp-content\/uploads\/2022\/02\/272982317_3147516235495005_6520115678898101889_n.jpeg?w=1440&amp;ssl=1 1440w, https:\/\/i0.wp.com\/paroquiasportosanto.pt\/wp-content\/uploads\/2022\/02\/272982317_3147516235495005_6520115678898101889_n.jpeg?resize=300%2C300&amp;ssl=1 300w, https:\/\/i0.wp.com\/paroquiasportosanto.pt\/wp-content\/uploads\/2022\/02\/272982317_3147516235495005_6520115678898101889_n.jpeg?resize=1024%2C1024&amp;ssl=1 1024w, https:\/\/i0.wp.com\/paroquiasportosanto.pt\/wp-content\/uploads\/2022\/02\/272982317_3147516235495005_6520115678898101889_n.jpeg?resize=150%2C150&amp;ssl=1 150w, https:\/\/i0.wp.com\/paroquiasportosanto.pt\/wp-content\/uploads\/2022\/02\/272982317_3147516235495005_6520115678898101889_n.jpeg?resize=768%2C768&amp;ssl=1 768w\" sizes=\"auto, (max-width: 750px) 100vw, 750px\" \/><\/figure>\n\n\n\n<figure class=\"wp-block-image size-large\"><img data-recalc-dims=\"1\" loading=\"lazy\" decoding=\"async\" width=\"360\" height=\"360\" data-id=\"54\" src=\"https:\/\/i0.wp.com\/paroquiasportosanto.pt\/wp-content\/uploads\/2021\/12\/CapeladeSaoPedro700x360-e1665127246522.jpg?resize=360%2C360&#038;ssl=1\" alt=\"\" class=\"wp-image-54\" srcset=\"https:\/\/i0.wp.com\/paroquiasportosanto.pt\/wp-content\/uploads\/2021\/12\/CapeladeSaoPedro700x360-e1665127246522.jpg?w=360&amp;ssl=1 360w, https:\/\/i0.wp.com\/paroquiasportosanto.pt\/wp-content\/uploads\/2021\/12\/CapeladeSaoPedro700x360-e1665127246522.jpg?resize=300%2C300&amp;ssl=1 300w, https:\/\/i0.wp.com\/paroquiasportosanto.pt\/wp-content\/uploads\/2021\/12\/CapeladeSaoPedro700x360-e1665127246522.jpg?resize=150%2C150&amp;ssl=1 150w, https:\/\/i0.wp.com\/paroquiasportosanto.pt\/wp-content\/uploads\/2021\/12\/CapeladeSaoPedro700x360-e1665127246522.jpg?resize=12%2C12&amp;ssl=1 12w\" sizes=\"auto, (max-width: 360px) 100vw, 360px\" \/><\/figure>\n\n\n\n<figure class=\"wp-block-image size-large\"><img data-recalc-dims=\"1\" loading=\"lazy\" decoding=\"async\" width=\"750\" height=\"1000\" data-id=\"1369\" src=\"https:\/\/i0.wp.com\/paroquiasportosanto.pt\/wp-content\/uploads\/2022\/10\/290713085_3267982353448392_5697383898959741755_n.jpg?resize=750%2C1000&#038;ssl=1\" alt=\"\" class=\"wp-image-1369\" srcset=\"https:\/\/i0.wp.com\/paroquiasportosanto.pt\/wp-content\/uploads\/2022\/10\/290713085_3267982353448392_5697383898959741755_n.jpg?w=768&amp;ssl=1 768w, https:\/\/i0.wp.com\/paroquiasportosanto.pt\/wp-content\/uploads\/2022\/10\/290713085_3267982353448392_5697383898959741755_n.jpg?resize=225%2C300&amp;ssl=1 225w, https:\/\/i0.wp.com\/paroquiasportosanto.pt\/wp-content\/uploads\/2022\/10\/290713085_3267982353448392_5697383898959741755_n.jpg?resize=113%2C150&amp;ssl=1 113w, https:\/\/i0.wp.com\/paroquiasportosanto.pt\/wp-content\/uploads\/2022\/10\/290713085_3267982353448392_5697383898959741755_n.jpg?resize=9%2C12&amp;ssl=1 9w\" sizes=\"auto, (max-width: 750px) 100vw, 750px\" \/><\/figure>\n<\/figure>\n","protected":false},"excerpt":{"rendered":"<p>Capela maneirista e barroca constru\u00edda no s\u00e9culo XVII. No interior, destaque para o ret\u00e1bulo-mor tardo-barroco em talha dourada e para a cobertura da capela-mor em falsa ab\u00f3bada de madeira com pinturas decorativas.A sua festa \u00e9 celebrada no dia 29 de Junho, dia dos Ap\u00f3stolos S. Pedro e S. Paulo.<\/p>\n","protected":false},"author":1,"featured_media":0,"parent":0,"menu_order":0,"comment_status":"closed","ping_status":"closed","template":"","meta":{"_themeisle_gutenberg_block_has_review":false,"footnotes":""},"class_list":["post-1368","page","type-page","status-publish","hentry"],"_links":{"self":[{"href":"https:\/\/paroquiasportosanto.pt\/index.php?rest_route=\/wp\/v2\/pages\/1368","targetHints":{"allow":["GET"]}}],"collection":[{"href":"https:\/\/paroquiasportosanto.pt\/index.php?rest_route=\/wp\/v2\/pages"}],"about":[{"href":"https:\/\/paroquiasportosanto.pt\/index.php?rest_route=\/wp\/v2\/types\/page"}],"author":[{"embeddable":true,"href":"https:\/\/paroquiasportosanto.pt\/index.php?rest_route=\/wp\/v2\/users\/1"}],"replies":[{"embeddable":true,"href":"https:\/\/paroquiasportosanto.pt\/index.php?rest_route=%2Fwp%2Fv2%2Fcomments&post=1368"}],"version-history":[{"count":0,"href":"https:\/\/paroquiasportosanto.pt\/index.php?rest_route=\/wp\/v2\/pages\/1368\/revisions"}],"wp:attachment":[{"href":"https:\/\/paroquiasportosanto.pt\/index.php?rest_route=%2Fwp%2Fv2%2Fmedia&parent=1368"}],"curies":[{"name":"wp","href":"https:\/\/api.w.org\/{rel}","templated":true}]}}

Capela de São Pedro

<div class="wp-block-image">
<figure class="aligncenter size-large"><img data-recalc-dims="1" loading="lazy" decoding="async" width="750" height="273" src="https://i0.wp.com/paroquiasportosanto.pt/wp-content/uploads/2021/12/cropped-CapeladeSaoPedro700x360.jpg?resize=750%2C273&#038;ssl=1" alt="" class="wp-image-241" srcset="https://i0.wp.com/paroquiasportosanto.pt/wp-content/uploads/2021/12/cropped-CapeladeSaoPedro700x360.jpg?resize=1024%2C373&amp;ssl=1 1024w, https://i0.wp.com/paroquiasportosanto.pt/wp-content/uploads/2021/12/cropped-CapeladeSaoPedro700x360.jpg?resize=300%2C109&amp;ssl=1 300w, https://i0.wp.com/paroquiasportosanto.pt/wp-content/uploads/2021/12/cropped-CapeladeSaoPedro700x360.jpg?resize=768%2C280&amp;ssl=1 768w, https://i0.wp.com/paroquiasportosanto.pt/wp-content/uploads/2021/12/cropped-CapeladeSaoPedro700x360.jpg?resize=1536%2C560&amp;ssl=1 1536w, https://i0.wp.com/paroquiasportosanto.pt/wp-content/uploads/2021/12/cropped-CapeladeSaoPedro700x360.jpg?w=1920&amp;ssl=1 1920w" sizes="auto, (max-width: 750px) 100vw, 750px" /></figure>
</div>


<hr class="wp-block-separator has-alpha-channel-opacity"/>



<p class="has-text-align-justify">Capela maneirista e barroca construída no século XVII. <br>No interior, destaque para o retábulo-mor tardo-barroco em talha dourada e para a cobertura da capela-mor em falsa abóbada de madeira com pinturas decorativas.<br>A sua festa é celebrada no dia 29 de Junho, dia dos Apóstolos S. Pedro e S. Paulo.</p>



<hr class="wp-block-separator has-alpha-channel-opacity"/>



<figure class="wp-block-gallery aligncenter has-nested-images columns-default is-cropped wp-block-gallery-1 is-layout-flex wp-block-gallery-is-layout-flex">
<figure class="wp-block-image size-large"><img data-recalc-dims="1" loading="lazy" decoding="async" width="750" height="750" data-id="648" src="https://i0.wp.com/paroquiasportosanto.pt/wp-content/uploads/2022/02/272982317_3147516235495005_6520115678898101889_n.jpeg?resize=750%2C750&#038;ssl=1" alt="" class="wp-image-648" srcset="https://i0.wp.com/paroquiasportosanto.pt/wp-content/uploads/2022/02/272982317_3147516235495005_6520115678898101889_n.jpeg?w=1440&amp;ssl=1 1440w, https://i0.wp.com/paroquiasportosanto.pt/wp-content/uploads/2022/02/272982317_3147516235495005_6520115678898101889_n.jpeg?resize=300%2C300&amp;ssl=1 300w, https://i0.wp.com/paroquiasportosanto.pt/wp-content/uploads/2022/02/272982317_3147516235495005_6520115678898101889_n.jpeg?resize=1024%2C1024&amp;ssl=1 1024w, https://i0.wp.com/paroquiasportosanto.pt/wp-content/uploads/2022/02/272982317_3147516235495005_6520115678898101889_n.jpeg?resize=150%2C150&amp;ssl=1 150w, https://i0.wp.com/paroquiasportosanto.pt/wp-content/uploads/2022/02/272982317_3147516235495005_6520115678898101889_n.jpeg?resize=768%2C768&amp;ssl=1 768w" sizes="auto, (max-width: 750px) 100vw, 750px" /></figure>



<figure class="wp-block-image size-large"><img data-recalc-dims="1" loading="lazy" decoding="async" width="360" height="360" data-id="54" src="https://i0.wp.com/paroquiasportosanto.pt/wp-content/uploads/2021/12/CapeladeSaoPedro700x360-e1665127246522.jpg?resize=360%2C360&#038;ssl=1" alt="" class="wp-image-54" srcset="https://i0.wp.com/paroquiasportosanto.pt/wp-content/uploads/2021/12/CapeladeSaoPedro700x360-e1665127246522.jpg?w=360&amp;ssl=1 360w, https://i0.wp.com/paroquiasportosanto.pt/wp-content/uploads/2021/12/CapeladeSaoPedro700x360-e1665127246522.jpg?resize=300%2C300&amp;ssl=1 300w, https://i0.wp.com/paroquiasportosanto.pt/wp-content/uploads/2021/12/CapeladeSaoPedro700x360-e1665127246522.jpg?resize=150%2C150&amp;ssl=1 150w, https://i0.wp.com/paroquiasportosanto.pt/wp-content/uploads/2021/12/CapeladeSaoPedro700x360-e1665127246522.jpg?resize=12%2C12&amp;ssl=1 12w" sizes="auto, (max-width: 360px) 100vw, 360px" /></figure>



<figure class="wp-block-image size-large"><img data-recalc-dims="1" loading="lazy" decoding="async" width="750" height="1000" data-id="1369" src="https://i0.wp.com/paroquiasportosanto.pt/wp-content/uploads/2022/10/290713085_3267982353448392_5697383898959741755_n.jpg?resize=750%2C1000&#038;ssl=1" alt="" class="wp-image-1369" srcset="https://i0.wp.com/paroquiasportosanto.pt/wp-content/uploads/2022/10/290713085_3267982353448392_5697383898959741755_n.jpg?w=768&amp;ssl=1 768w, https://i0.wp.com/paroquiasportosanto.pt/wp-content/uploads/2022/10/290713085_3267982353448392_5697383898959741755_n.jpg?resize=225%2C300&amp;ssl=1 225w, https://i0.wp.com/paroquiasportosanto.pt/wp-content/uploads/2022/10/290713085_3267982353448392_5697383898959741755_n.jpg?resize=113%2C150&amp;ssl=1 113w, https://i0.wp.com/paroquiasportosanto.pt/wp-content/uploads/2022/10/290713085_3267982353448392_5697383898959741755_n.jpg?resize=9%2C12&amp;ssl=1 9w" sizes="auto, (max-width: 750px) 100vw, 750px" /></figure>
</figure>

<p>Capela maneirista e barroca construída no século XVII. No interior, destaque para o retábulo-mor tardo-barroco em talha dourada e para a cobertura da capela-mor em falsa abóbada de madeira com pinturas decorativas.A sua festa é celebrada no dia 29 de Junho, dia dos Apóstolos S. Pedro e S. Paulo.</p>
